**4 - 11/6*z**3 - 6*z**2 - n*z. What is j(-9)?
6
Let b = 392 + -402. Let v(m) = -m**3 - 11*m**2 - 12*m - 16. Give v(b).
4
Let k(d) be the first derivative of -d**2/2 + d + 2788. Calculate k(13).
-12
Let w(t) = 8*t - 171. Let f(g) = 17*g - 131. Let u be f(9). Let x be w(u). Let s(k) = -k**3 + 4*k**2 + k + 3. What is s(x)?
-17
Let t(q) = -q**3 + 5*q**2 + 2*q - 7. Let j be t(5). Let g(s) = -2*s - 7 + 0*s + j*s - 3*s. Suppose b + 0 = -5. Calculate g(b).
3
Let i(m) = -m**3 + 15*m**2 + 16*m + 14. Let c be (-5)/((-5)/32)*55/110. Give i(c).
14
Let f(r) = -114*r - 124*r + 222*r + 14 + 4 + 2*r**2. What is f(7)?
4
Let u(v) = v**2 - 17*v + 20. Let x be u(16). Suppose m + x*o - 15 = 0, -6*m + 2*m - 2*o = -4. Let s(n) = -10*n + 1. Determine s(m).
11
Let q(b) = 21*b**2 + 115*b + 89. Let z(i) = -8*i - 3*i**2 - 4*i**2 - 5*i + 3*i**2 - 10*i - 17. Let g(o) = 2*q(o) + 11*z(o). Give g(-11).
2
Let w(o) = 9*o + 168. Let p(i) = -8*i - 142. Let u(a) = -7*p(a) - 6*w(a). Give u(0).
-14
Let j be ((-23)/276)/(4/60)*2/(-5). Let a(n) be the first derivative of -42 + j*n**2 + 3*n. Determine a(-8).
-5
Let b = 9 - 9. Let v be ((-22)/2)/(-1 - b). Suppose -w - v = -4*t + 3, w - 13 = -5*t. Let n(g) = 2*g**3 + 3*g**2 + 3*g. Calculate n(w).
-10
Let o(x) = 3*x + 17. Let c = 115 + -118. Let v(i) = -3*i - 16. Let l be v(c). Determine o(l).
-4
Let b(f) be the first derivative of f**4/2 + 16*f**3/3 + 6*f**2 + 4*f + 4747. Determine b(-8).
-92
Suppose 0 = 2*t + 65*a - 63*a + 2, t = -2*a - 5. Let b(n) be the third derivative of n**4/24 - n**3/2 + n**2. What is b(t)?
0
Let z(c) = c**3 + 5*c**2 - 12*c + 14. Suppose 0 = -5*p + 12*p + 49. Let w be z(p). Let j(l) = l**2 - l + 18. Give j(w).
18
Let w(b) = -2*b**3 - b + 2. Let o(y) = -13*y**3 - 8*y**2 - 8*y + 22. Let f(v) = -o(v) + 6*w(v). Give f(-8).
-26
Let n(w) = -7*w**2 - w - 4. Let a be n(-2). Let k be (-3 - a)*(-4)/12. Let c(f) be the first derivative of f**3/3 + 5*f**2 - 2*f - 203. Determine c(k).
-11
Let x = 22 + -5. Suppose 6*s - s = -b - x, 5*s = 4*b - 7. Let l(f) = 0*f + 19*f - 17*f. Give l(s).
-6
Let l(p) = p**3 - 29*p**2 + 81*p - 60. Let y be l(26). Let k(q) = q + q - 2 + y*q - 24*q. Suppose 4*i - 5*i = 3. Determine k(i).
10
Let x = -31 + 34. Suppose 0 = c - 6 - x. Let h(p) = 2*p**3 + 5*p**2 + 3*p + 7. Let j(z) = z**3 + 3*z**2 + 2*z + 4. Let w(s) = c*j(s) - 4*h(s). Give w(-6).
8
Let p = -70 + 69. Let j(y) = -5*y**3 + 13*y**2 + 13*y + 8. Let t(r) = r**3 - r**2 + 2*r. Let d(n) = p*j(n) - 4*t(n). What is d(11)?
3
Let i(b) be the first derivative of b**4/4 - 3*b**3 + 6*b**2 + 15*b - 21. Let p be i(7). Let g(n) = n**3 - 8*n - 2 - 2*n**2 + p + 10*n. Calculate g(2).
3
Let l(u) = u**2 - 4. Suppose -10*h + 5*h = 5, -t - h + 1 = 0. Let f be (-12)/t + (-96)/(-16). Give l(f).
-4
Let f(u) = u**3 - 9*u**2 + 7*u + 4. Suppose 71*p + 12*p = 664. Give f(p).
-4
Let f(n) = n - 22. Let k(w) = -w**3 - w**2 - 2*w + 2. Let m be k(0). Let l = 2 - -1. Suppose 0 = -m*q - l*q + q. Calculate f(q).
-22
Suppose 0 = 3*o - 0*o + 21. Let t(m) = -m**3 - 29*m**2 - 28*m + 8. Let b be t(-28). Let v(q) = -14*q + 13*q + 8*q**2 - 9 + b*q + q**3. Determine v(o).
-9
Suppose 142 - 166 = -6*m. Let z(l) = 10*l. Determine z(m).
40
Let s(b) = -2*b - 6. Let y(o) = 3*o + 37. Let k be y(-11). Let w be -6*(10/(-5) - (-2)/k). Calculate s(w).
-24
Let f(i) be the first derivative of -i**3/3 + 3*i**2 + 10*i - 55. Suppose 3*j - 6*j + 36 = 0. Let h = j + -5. Calculate f(h).
3
Let v = 21878 - 21870. Let q(u) = 6*u - 63. What is q(v)?
-15
Let m(v) = 3*v**2 - 4*v + 3. Suppose 0*q = q - 88. Let b(y) = -y**3 + 17*y**2 - 60*y + 18. Let j be b(13). Let c = q + j. Give m(c).
7
Suppose 11*d + 14 = 47. Let v(i) = 654*i + 652*i - 1305*i + 4*i**2 - 3*i**2 - 3. Determine v(d).
9
Let s(w) = -3*w**2 + 32*w - 3. Let q(y) = 2*y**2 - 21*y + 2. Let f(h) = 8*q(h) + 5*s(h). Let a(b) = -5*b - 302. Let l be a(-62). Determine f(l).
1
Let i(b) = -7 + 13*b**3 + 4*b**3 - 6*b**3 - 8*b + 5*b**2 - 7*b**3 - 3*b**3. Suppose -2*p = 3*p + 30. What is i(p)?
5
Let u = -1196 - -1204. Let g(b) = -7*b - 27. Give g(u).
-83
Let l(u) be the first derivative of 14*u**3/3 + 7*u**2 + 13*u - 86. What is l(-1)?
13
Suppose -16 = p - 18. Let s(o) = 6*o**3 - 2*o**2 - o - 2. Let n be s(p). Let d = n - 34. Let x(l) = 2*l**2 + 2*l - 1. Determine x(d).
11
Let f(j) = -7*j + 12. Let t = 7850 - 7845. Give f(t).
-23
Let y(d) be the first derivative of 350*d + 156 + 345*d - 702*d - 2*d**2. Suppose -k = 4*a - 10 - 0, -4*k - 40 = -4*a. Calculate y(k).
17
Suppose -a = 3*c - 2, 13*a = 15*a - 4. Let j be (-6)/(-1) - c*(-2)/6. Let l(u) = 0 - 4*u - 9 + 17. Determine l(j).
-16
Let n(x) = -3*x + 2. Let l(r) = -13*r - 3. Let h(t) = t**2 + 11*t + 29. Let i be h(-5). Let q(p) = i*l(p) + 5*n(p). Give q(4).
5
Let v(w) be the third derivative of w**5/60 + 7*w**4/24 - w**3/6 + 4577*w**2. Determine v(-8).
7
Suppose -p - 1 = -2. Let x(l) = 13*l - 3. Let a(b) = -34*b + 8. Let i(v) = 4*a(v) + 11*x(v). Determine i(p).
6
Let f be (-828)/(-345) + 242/(-5). Let k(o) = o**3 + 45*o**2 - 48*o - 96. Determine k(f).
-4
Let h(c) = 9*c + 46. Suppose -12*n - 2 = -4*n - 9*n. Give h(n).
64
Suppose -4*i + 50*l - 16 = 45*l, -2*i + 3*l = 8. Let q(p) = p**2 + 14*p + 25. Let o be q(i). Let u(g) = -g - 12. Calculate u(o).
3
Let l(b) = 53*b**3 - 212*b**2 - 5*b + 5. Let a be l(4). Let p(m) = m**2 + 9*m - 66. Calculate p(a).
24
Let h(c) = c**2 - 5*c + 6. Let l be h(5). Let a(o) = 2*o - 23. Let t be a(13). Let f(v) = 142 - l*v**2 - 6*v + v**t - v**2 - 139 + 3*v**2. Give f(5).
-2
Let s(k) be the first derivative of 4*k**3/3 - 3*k**2/2 - 5. Let l be (-8)/6 + 266/42. Let f be -4*l/(-1*10). Determine s(f).
10
Let u = -77 - -85. Let j be u/16 + 27/2. Let z be (-78)/42 - 2/j. Let y(x) = x + 2. Determine y(z).
0
Let g(f) = -f - 3. Let x be 3*6/(-9) - 3*1. Let k(v) = -2*v**2 - 12*v - 7. Let m be k(x). Suppose -m*j + 7*j = -0*j. Calculate g(j).
-3
Let k(u) = -4*u**2 - 6203489*u + 6203490*u + 11 - u**2. What is k(-2)?
-11
Let t(s) = -11*s - 272. Let n(p) = 8*p + 135. Let l(x) = 5*n(x) + 3*t(x). Give l(19).
-8
Let w(o) be the second derivative of -1/4*o**4 - 1/2*o**2 + 2/3*o**3 - 24 - 3*o. Give w(3).
-16
Let j(p) be the second derivative of -1/2*p**2 + 0 - 38*p + 1/6*p**3. What is j(8)?
7
Let j = -106 + 108. Let o(m) = -41*m**j + 97*m**2 + 2*m + 2*m - 42*m**2 + m**3 + 7*m - 28. Determine o(-13).
-2
Let v(c) = 239*c + 138. Let a(b) = -126*b - 69. Let u(w) = 15*a(w) + 8*v(w). Give u(-3).
3
Let z(c) = 1 - c - 5*c - 2. Suppose 5*i - 360 = -6*i - 349. Determine z(i).
-7
Let g be ((-92)/253)/((-4)/22). Suppose 2*p + 2*r + 18 = 0, -8*r = g*p - 7*r + 13. Let s(a) = -a**3 - 5*a**2 - 2*a. What is s(p)?
-8
Suppose -5*z + 232 = -2*i + 183, 2*z - 12 = -3*i. Let d(a) be the first derivative of -3/2*a**2 - 2/3*a**3 + 2 - 3*a. Calculate d(i).
-5
Suppose 0 = -q - 3*m + 5, 2*m + 2 = -q - q. Let v(n) be the first derivative of n**3/3 + n**2/2 - 4*n - 770. Calculate v(q).
8
Let q(a) = 11*a**2 - 3 + 14*a**2 + a + 2*a + 9*a**2 + 22*a**3 - 35*a**2. Determine q(1).
21
Let w(z) be the third derivative of -z**4/24 - 2*z**3/3 - 3711*z**2. Let f = 7 - 10. Give w(f).
-1
Let g be (17 - (-90)/(-15)) + -12. Let m(h) = -5*h**2 - 5*h + 2. Calculate m(g).
2
Let a(h) be the third derivative of 1/6*h**4 - h**3 + 5 + h**2 + 0*h. What is a(-5)?
-26
Let s(n) = n**2 - 4*n - 30. Suppose 80*w = 158 + 339 + 223. What is s(w)?
15
Suppose 2*n = 3*l - 140, 5*l - 178 = 5*n + 62. Let x = 36 - l. Let i(k) = k. Determine i(x).
-8
Let x(v) = 2*v - 4. Let p = -39 + 50. Suppose 5*j = -2*h + 43, -4*j + j = -3*h + 33. Suppose -k = h - p. Give x(k).
-10
Let d = -12 + 21. Suppose -5*c + d*c = 12. Suppose 0 = z - k, -c*z = -8*z - 5*k - 20. Let l(t) = -4*t - 2. Determine l(z).
6
Let w(r) be the third derivative of r**8/20160 - r**7/720 + r**6/80 - r**5/3 - 47*r**2. Let f(z) be the third derivative of w(z). Give f(6).
3
Let r(c) = -c**3 - 6*c**2 + 2*c + 4. Let s(o) = 8*o + 40. Let n be s(-5). Suppose 25*k + 56 + 94 = n. What is r(k)?
-8
Let u(d) be the third derivative of d**4/24 + 3*d**3/2 - 82*d**2 - 8. What is u(-10)?
-1
Let c(k) = 3*k - 3. Suppose -31 = g - 36. Let t = g + 3. Suppose -q - t = -5*q. Give c(q).
3
Let p be (-45)/(-105) - (-290)/(-7). Let m = p - -45. Let u(v) = -16*v + 5 - 9 + m. What is u(-1)?
16
Let v(h) = 5*h**2 + 6*h + 251. Let w(j) = 